= -2*o - 5*w, -w = 2*o - 105. Calculate the highest common factor of 486 and o.
54
Suppose 0 = -0*f + 2*f - 44. Suppose 13*j - 2315 = 545. Calculate the highest common divisor of f and j.
22
Let z be (-756)/147*7/(-3). Calculate the highest common factor of z and 2004.
12
Suppose 2*x + 3*x = 25, -3*z + 129 = -3*x. Suppose 408 = -3*y - 12. Let v be (-120)/y*(8 - 1). What is the highest common divisor of v and z?
6
Suppose -f - 3*x = x - 14, f + 21 = 3*x. Let v = f + 1. Let a be 2*12/(-40)*v. What is the highest common divisor of 3 and a?
3
Let s(g) = -g**3 - 6*g**2 + 12*g + 36. Let z be s(-8). What is the highest common divisor of z and 4?
4
Suppose 5*g - 297 = -22. Let x = -37 + g. Let c = -555 + 582. Calculate the greatest common factor of x and c.
9
Let p be (-4 + 3)/((-4)/(-640)*-4). Suppose -3*l + 3*x + 13 = -l, 0 = -5*x - 5. Calculate the greatest common divisor of l and p.
5
Suppose 0 = -3*p + n + 293, 5*p + 0*n - 500 = 4*n. Calculate the highest common factor of p and 12.
12
Suppose 0 = -3*r + r + 24. Let c be r/18 - (-16)/(-6). Let o be (12 + c + 2)/1. What is the greatest common factor of o and 108?
12
Let u = 636 - 411. Calculate the greatest common divisor of 180 and u.
45
Let v(r) be the third derivative of -r**4/12 - 17*r**2. Let z be v(-8). What is the highest common divisor of 144 and z?
16
Suppose -4*f - 53*f = -19836. What is the greatest common divisor of f and 87?
87
Let h be 0/(-1 + -6 + 4). Suppose h*f = -f - 2*c + 8, f - 8 = 2*c. What is the greatest common factor of 56 and f?
8
Suppose o = -5*z + 2, -2*z = -o + z + 2. What is the highest common factor of 46 and o?
2
Let o = 1 - 16. Let n be (-3)/(-3)*o/(-3). What is the highest common divisor of n and 35?
5
Let c be ((-606)/12)/(3/(-12)). Suppose 0 = -4*z + 50 + c. Let l(r) = -22*r**3 + r. Let v be l(-1). Calculate the greatest common divisor of z and v.
21
Let w(o) = -2*o - 1. Suppose 0 = -2*u - 1 + 5. Let f be (3 - -1)/u + -5. Let g be w(f). Calculate the greatest common factor of g and 15.
5
Suppose 2*a - 5*d = a + 97, -3*d + 15 = 0. What is the greatest common factor of a and 427?
61
Let l(j) = -j**3 - 12*j**2 - 16*j - 5. Let b be l(-11). Calculate the highest common divisor of b and 40.
10
Suppose 85*u - 83*u = 18. What is the greatest common factor of 441 and u?
9
Let k = 2239 - 2203. Calculate the highest common divisor of 2916 and k.
36
Suppose 4*z + 11 = 5*z - 3*h, -2*z - 3*h = -49. Suppose i + 0 - 1 = 0, -5*i + z = 5*u. What is the greatest common factor of 12 and u?
3
Let g be 2/(-2) - (-2 + -18). Let d(f) = 4*f. Let q be d(7). Suppose -q*v = -22*v - 114. What is the highest common divisor of v and g?
19
Let g = -2 + 8. Let v = -2 + g. Calculate the greatest common divisor of v and 4.
4
Suppose -5*z + 1705 - 333 = 4*d, -2*z - 3*d + 553 = 0. What is the greatest common divisor of 16 and z?
16
Suppose -10 = -4*i + 2, 0 = -2*l - 5*i + 55. What is the greatest common divisor of l and 12?
4
Let w = -6 - -8. Let n be (-28)/(-1) + 4/w. Suppose -5*j + 2*p + 54 = -j, p = -3. What is the greatest common factor of n and j?
6
Suppose 0 = -3*m + 14 + 52. Suppose 4*h + 3*g = m, 3 = -2*h - 3*g + 11. Suppose -8 - h = -5*r. Calculate the highest common factor of r and 6.
3
Let o be -15*(-4)/(-25)*(-350)/2. What is the highest common factor of 45 and o?
15
Suppose -3*r = -6*r + 9. Let l be 1 + 10*r/2. Let k = -190 - -192. What is the highest common divisor of l and k?
2
Let i be 2*8 - (84 + -86). Calculate the greatest common divisor of i and 66.
6
Suppose -150*d = -156*d + 336. What is the greatest common factor of d and 1456?
56
Suppose 3*t - 97 = -4*l, -5*t = -3*l + 38 + 13. Let o be ((-210)/(-12))/7*(-8)/(-10). Calculate the highest common divisor of o and l.
2
Suppose r = -11*r + 36. Let w be (-164)/(-5) + (-1)/(-5). Calculate the highest common divisor of w and r.
3
Let z(m) = 25*m**2 - 4*m + 1. Suppose 4 = 2*y + 10. Let d be z(y). What is the greatest common factor of 34 and d?
34
Let z be 4/(-28)*2 + 3834/42. Suppose -43 + z = 8*o. Calculate the greatest common factor of 66 and o.
6
Suppose -5575 - 6647 = -9*u. Calculate the greatest common factor of u and 14.
14
Let d be (-5)/(-50) - 19/(-10) - -4. Suppose 0 = 4*r - 2*r - 6. Calculate the greatest common factor of r and d.
3
Let b(s) = -s**3 + 6*s**2 + 8*s - 5. Let o be b(7). Suppose -o*y - 3*l = -33, 3*y + 2*l - 18 = 24. Calculate the greatest common factor of 132 and y.
12
Suppose -5*l + 79 + 6 = 2*c, -2*l + 5*c = -63. Suppose 9*x - 73 + l = 0. What is the highest common divisor of 9 and x?
3
Let h(c) be the first derivative of -c**4/4 - 6*c**3 + 19*c**2/2 + 15*c + 12. Let i be h(-19). Calculate the greatest common factor of i and 135.
15
Suppose 0 = -x - 3*x - n + 18, 3*n = 3*x - 6. Let h be (-4)/8*-16 - x. Calculate the highest common divisor of h and 16.
4
Let v(n) = n**3 + 8*n**2 - 15*n - 30. Let c be v(-8). Calculate the greatest common divisor of c and 120.
30
Let i(j) = -4*j - 27. Let o be i(-14). Suppose 16 = 3*u - o. Let r = 110 + 55. Calculate the greatest common divisor of u and r.
15
Let t(i) = 37*i - 450. Let g be t(14). What is the highest common factor of g and 20?
4
Let c = 12 + 0. Let g = -1831 - -1861. Calculate the highest common factor of c and g.
6
Let u be 88*(6 + (-66)/12). Suppose -4*r = 5*x - 199, -4*x + 25 = -r + 80. Let i = r - -15. What is the greatest common divisor of u and i?
22
Let n be (-8)/(-4) + 84/2. Suppose -3*q + n = 5*b, -11 = -q - 0*q + 2*b. Calculate the greatest common divisor of q and 117.
13
Let l be 23/((-161)/(-42)) + 117. Calculate the highest common divisor of 287 and l.
41
Let k = -18 - -22. Suppose -3 = v, p + 11 = -k*v + 1. Suppose -5*l + 2*b - b + 274 = 0, -p*l = -5*b - 105. Calculate the greatest common divisor of 22 and l.
11
Suppose 0 = 76*n - 57*n - 1178. What is the greatest common divisor of n and 248?
62
Let s be (-35127)/(-99) + (-16)/(-88). Calculate the highest common factor of s and 5.
5
Suppose -3*c = 6 + 3. Let l(o) = -o - 1. Let u be l(c). Suppose 0 = -5*q - 2*k + 434, -q + 3*k + 103 = -u*k. What is the greatest common divisor of 8 and q?
8
Suppose 4*t + t - 22 = -3*i, -2*t = -2*i + 4. Suppose i*y - y = 54. Let p = 26 - y. What is the highest common divisor of 12 and p?
4
Let t be 124/21 - (-6)/126*2. Calculate the highest common divisor of t and 294.
6
Let i be -87 + (-3 - -7) + -1. Let u be 1 + i/(-2 - 2). Let v be 460/7 + 14/49. Calculate the highest common factor of v and u.
22
Let o be (155/(-10) + 3)*-10. Suppose 4*p + o = 3*h, -3*p = -p + 10. What is the highest common divisor of h and 7?
7
Let w be ((-6)/(-3))/(4/50). Suppose l = 6*l - w. Suppose -l*y = -2*y - 9. What is the highest common factor of y and 15?
3
Suppose 0*u = u - 3, 4*t - 3*u = 19. Let p = 10 - t. What is the highest common factor of 2 and p?
1
Let f = 56 + -35. Let p be 7 - 2*(-8)/(-4). Suppose -3*u + 2*u + 186 = p*w, -3*u = -4*w - 571. What is the highest common divisor of f and u?
21
Suppose -22 = -3*s + 5*q, -s - 1 + 9 = -2*q. Suppose 2*t + 174 = 6*t + y, -5*t - 5*y = -210. What is the greatest common divisor of s and t?
4
Suppose -m + 43 = 5*x, -x - 137 = 3*m - 8*m. Let i = 206 + -135. Let q = i + -29. What is the greatest common factor of q and m?
14
Suppose -2*r = -4*x - 6, 0 = 2*x - 6*x - 20. Let n = r - -9. Suppose 236 = n*i + 56. What is the highest common factor of 10 and i?
10
Let h = -835 + 961. Let w = -41 + 59. What is the greatest common factor of w and h?
18
Suppose -f = -3, 6*n - 2*n + 99 = -3*f. Let z = -20 - n. What is the greatest common divisor of z and 63?
7
Suppose -3*x + 4*y - 2 = -8, y = 4*x + 5. Let c be 3/x*(-40)/(-12). Let n be c/(2/(-24)*10). Calculate the highest common factor of n and 2.
2
Let r = -1180 + 2206. Suppose -3*a = -6*a + r. Calculate the greatest common divisor of 38 and a.
38
Suppose 0 = 6*f + 34 - 22. Let y be f - -61 - (0 - (-6)/2). What is the greatest common divisor of y and 7?
7
Let n(r) = -r**3 + 12*r**2 - 10*r**2 - 6*r - 3 + 4*r. Let g be n(-2). What is the greatest common factor of g and 153?
17
Suppose 0 = -3*l + 2*l. Suppose 4*f - 75 + 7 = l. Let p = -281 + 434. What is the highest common divisor of p and f?
17
Suppose -v - 49 = -5*h - 19, 4*v = 2*h + 6. Let n(s) = 2*s**2 - 23*s - 117. Let z be n(-4). Calculate the high